- 6653*m**2 + 79698*m - 65. Determine w(12).
7
Let a(d) = -13*d**2 + 1221*d - 51. Give a(0).
-51
Let c(l) = -l**2 - 174*l - 3670. Give c(-152).
-326
Let a(c) = -c**3 + 117*c**2 - 1551*c - 129. What is a(102)?
-2271
Let q(s) = -194601*s - 4670447. Determine q(-24).
-23
Let g(z) = -418*z - 1979. Calculate g(-3).
-725
Let s(z) = -7*z**2 - 51*z - 20. Give s(10).
-1230
Let t(l) = -8*l**2 - 32107*l + 160760. Calculate t(5).
25
Let y(c) = 2*c**3 + 33*c**2 + 1494*c + 19166. What is y(-13)?
927
Let v(p) = -7997*p + 15411. Give v(2).
-583
Let n(i) = -i**3 + 230*i**2 + 210*i + 58904. What is n(232)?
-24
Let h(i) = 13*i**2 - 416*i + 2976. Give h(21).
-27
Let q(z) = -8*z**3 - 3*z**2 + 120*z - 314. Give q(4).
-394
Let x(z) = -z**3 + 9*z**2 - 3451*z + 20591. What is x(6)?
-7
Let n(v) = -26*v**2 + 487*v + 1028. Determine n(-2).
-50
Let b(z) = -z**3 + 48406*z**2 - 48405*z - 1. Calculate b(1).
-1
Let m(s) = -146*s**2 - 19746*s - 4876. What is m(-135)?
-16
Let x(y) = 265*y - 170123. Calculate x(642).
7
Let s(m) = 2145*m**3 + 3*m**2 - 149*m + 146. What is s(1)?
2145
Let y(r) = 601*r + 10245. Calculate y(-17).
28
Let v(w) = -417*w - 9287. Calculate v(-22).
-113
Let z(y) = -126637*y - 12410432. Determine z(-98).
-6
Let v(k) = 117*k**2 - 43*k - 58. What is v(-2)?
496
Let f(x) = x**2 - 33*x + 202. Calculate f(16).
-70
Let g(s) = s**2 - 614073*s + 19035311. Calculate g(31).
9
Let f(z) = -z**2 + 6753*z + 8557811. Give f(-1091).
7
Let w(x) = 31*x**2 - 29*x - 82. Determine w(-4).
530
Let z(y) = -27*y + 2282. Determine z(72).
338
Let c(f) = -150*f - 14937. Determine c(-103).
513
Let n(l) = -502*l + 59684. What is n(118)?
448
Let q(s) = s**3 - 11*s**2 - 88*s - 183. Calculate q(14).
-827
Let a(k) = 14797*k - 1760863. What is a(119)?
-20
Let f(d) = -10*d**2 - 115*d + 956. Give f(10).
-1194
Let a(v) = -v**2 + 1490*v + 7465. Determine a(-5).
-10
Let r(a) = -1198*a**3 + 9*a**2 - a. Determine r(-1).
1208
Let i(y) = 62*y**2 + 8861*y - 91. Give i(-143).
624
Let p(s) = -11*s**2 + 636*s + 3584. Determine p(63).
-7
Let f(w) = -315*w - 41881. Give f(-133).
14
Let v(z) = 24*z**2 + 1983*z + 5030. What is v(-80)?
-10
Let y(h) = -140*h + 244. Give y(2).
-36
Let o(d) = 2*d**3 - 200*d**2 - 1033*d - 16. Calculate o(-5).
-101
Let f(w) = w**3 - 75*w**2 - 4745*w - 1291. Calculate f(116).
-15
Let f(n) = -n**3 - 765*n**2 - 140752*n + 1797. Calculate f(-457).
-31
Let z(w) = 441*w - 10018. What is z(23)?
125
Let d(f) = -21*f**2 + 9511*f - 47026. Determine d(5).
4
Let i(w) = 121*w**3 - 1335*w**2 + 45*w - 73. What is i(11)?
-62
Let v(y) = y**2 + 1557*y + 36388. Calculate v(-24).
-404
Let p(l) = 737*l**2 + 764*l + 15. Determine p(-1).
-12
Let u(b) = -6048*b**2 + 96728*b - 32. Determine u(16).
-672
Let k(v) = 4286*v + 38574. Calculate k(-9).
0
Let s(a) = 151*a**2 + 2059*a + 1420. Give s(-13).
172
Let l(p) = -22412*p - 313600. Calculate l(-14).
168
Let r(g) = -727*g + 2993. Determine r(4).
85
Let p(n) = -n**3 + 35*n**2 - 423*n + 3026. Determine p(22).
12
Let x(f) = 1026*f - 364385. Calculate x(355).
-155
Let m(r) = -10*r**3 - 279*r**2 + 19*r - 249. Determine m(-28).
3
Let a(f) = -8*f**3 + 283*f**2 - 106*f + 57. Determine a(35).
22
Let u(j) = 75*j**2 - 1434*j + 3174. What is u(16)?
-570
Let q(c) = -c**3 + 5*c**2 + 11461*c - 57298. What is q(5)?
7
Let r(a) = -9*a**2 - 58*a + 1275. Calculate r(9).
24
Let t(k) = -3*k**3 + 69*k**2 - 601*k - 619. Calculate t(13).
-3362
Let s(x) = 3*x**2 + 2086*x - 44293. Give s(21).
836
Let b(f) = -24864*f - 7732694. What is b(-311)?
10
Let q(k) = -479017*k**2 - 1437034*k + 4. Give q(-3).
-47
Let c(z) = 5*z**3 + 792*z**2 + 323*z + 1185. Determine c(-158).
79
Let x(v) = -2*v**2 + 3104*v - 58218. Give x(19).
36
Let t(x) = 7*x**2 + 115*x + 261. Determine t(-3).
-21
Let s(m) = -430836*m - 861693. Give s(-2).
-21
Let f(z) = z**3 + 100*z**2 - 121*z + 8750. Give f(-102).
284
Let r(q) = -987*q - 206330. Give r(-209).
-47
Let r(v) = -135257*v + 541022. What is r(4)?
-6
Let f(r) = 416*r**2 - 797*r - 4. Determine f(2).
66
Let l(i) = -342*i**2 + 6056*i + 6055. What is l(-1)?
-343
Let v(t) = t**3 + 17*t**2 - 291*t - 183. Calculate v(11).
4
Let p(t) = 14749*t + 50. Give p(0).
50
Let j(t) = t**3 + 89*t**2 + 417*t + 324. Give j(-4).
16
Let b(g) = -5*g**2 + 114*g - 642. Give b(12).
6
Let x(s) = s**3 - 63*s**2 - 1342*s - 1430. Calculate x(80).
10
Let w(o) = 1678*o - 219811. Determine w(131).
7
Let u(v) = -2*v**2 - 391*v + 8832. Give u(20).
212
Let d(u) = -3*u**2 + 4167*u - 146129. Determine d(36).
-5
Let d(v) = 3*v**2 - 261*v + 4399. Calculate d(20).
379
Let i(d) = 7*d**2 + 335*d - 1300. Determine i(-52).
208
Let q(i) = -4*i**2 - i + 118. Calculate q(-27).
-2771
Let p(j) = j**3 + 24*j**2 + 16*j - 449. What is p(-23)?
-288
Let m(k) = -150*k + 15375. Give m(97).
825
Let l(r) = -r**3 - 30*r**2 - 2*r + 168. Determine l(-29).
-615
Let v(d) = 135862*d - 135851. Calculate v(1).
11
Let f(k) = 7*k**2 + 323*k - 62. What is f(-48)?
562
Let m(v) = -4*v**2 + 159*v + 2793. Give m(53).
-16
Let z(n) = -5*n**3 - 78*n**2 - 425*n - 28. Give z(-6).
794
Let d(v) = -11649*v - 11744. What is d(-1)?
-95
Let t(g) = -52*g**2 - 1651*g - 9005. Determine t(-7).
4
Let o(h) = -h**3 - 11*h**2 - 23693*h - 308353. What is o(-13)?
-6
Let n(u) = 40*u**2 + 360*u + 1851. What is n(-5)?
1051
Let i(r) = 127236*r - 1399476. Calculate i(11).
120
Let a(g) = -6*g**2 - 269*g + 4174. Determine a(-57).
13
Let i(l) = l**3 + 183*l**2 + 121*l + 19923. What is i(-183)?
-2220
Let l(b) = -444*b**2 - 5381*b + 103. What is l(-12)?
739
Let s(a) = 2*a**2 + 1122*a + 56294. Calculate s(-56).
-266
Let i(m) = 5984*m - 83734. Determine i(14).
42
Let m(o) = 2*o**3 - 8*o**2 - 46028*o + 276146. Determine m(6).
122
Let n(r) = 8*r**2 - 1416*r + 18255. Calculate n(163).
-1
Let u(v) = -v**2 - 810*v - 85634. What is u(-125)?
-9
Let q(x) = -x**3 + 755*x**2 - 43616*x + 13834. Give q(692).
-6
Let b(m) = m**2 - 48*m + 257. What is b(35)?
-198
Let q(g) = 6*g**3 + 83*g**2 + 1629*g + 22988. Determine q(-14).
-14
Let w(f) = 2*f**3 + 259*f**2 + 407*f + 2857. Determine w(-128).
-87
Let u(r) = 20*r**2 + 56*r + 17. Determine u(-6).
401
Let f(u) = -u**3 - 6*u**2 + 621*u - 75. What is f(-28)?
-215
Let z(g) = g**3 + 80*g**2 - 245*g + 611. Give z(-83).
279
Let v(y) = 6603*y - 85731. Determine v(13).
108
Let u(s) = s**3 + 17*s**2 + 2538*s + 43176. Determine u(-17).
30
Let u(n) = -n**2 - 407*n - 33923. Calculate u(-291).
-167
Let d(s) = 3*s**3 + 1400*s**2 + 964*s + 14942. Determine d(-466).
30
Let u(c) = -c**3 - 77*c**2 + 30*c - 3789. What is u(-78)?
-45
Let s(m) = 54318*m + 4454088. Give s(-82).
12
Let s(v) = -v**3 - 287*v**2 - 16922*v + 880. Determine s(-83).
50
Let i(n) = 12*n**2 - 225*n + 1193. What is i(7)?
206
Let k(o) = -3*o**3 - 1190*o**2 - 17904*o + 1130. Give k(-381).
-13
Let n(o) = 16*o**3 + 751*o**2 - 49*o - 149. Give n(-47).
-55
Let j(c) = -126*c - 61566. Give j(-488).
-78
Let j(u) = -21*u**3 - 244*u**2 + 97*u + 25. What is j(-12)?
13
Let r(g) = 21*g**3 + 611*g**2 - 33*g - 2594. Determine r(-29).
45
Let t(b) = -612*b - 5412. Determine t(-7).
-1128
Let r(u) = -u**3 - 28*u**2 + 19*u - 3371. Calculate r(-32).
117
Let a(p) = p**3 - 230*p**2 - 8385*p + 245. What is a(262)?
-17
Let f(m) = -7*m**2 + 1483*m + 7785. Calculate f(217).
-27
Let k(l) = -11*l**2 - 713*l - 9269. What is k(-18)?
1
Let l(z) = 136*z**3 - 3*z**2 + 223*z + 226. Give l(-1).
-136
Let n(z) = -3*z**3 - 430*z**2 + 279*z - 1320. Determine n(-144).
-24
Let r(d) = 6*d**2 + 10496*d + 145704. Give r(-14).
-64
Let g(o) = -10*o**3 + 11*o**2 + 106*o - 238. What is g(2)?
-62
Let h(p) = -p**3 + 74*p**2 + 748*p + 11. Calculate h(-9).
2
Let d(g) = g**2 - 21*g - 5997. Determine d(89).
55
Let t(q) = 359*q**2 - 890*q + 335. Determine t(2).
-9
Let g(b) = -41*b**2 - 158*b + 472. Calculate g(2).
-8
Let w(z) = -272*z - 9192. Calculate w(-30).
-1032
Let k(i) = 1061*i + 464937. What is k(-438)?
219
Let q(s) = -3581*s**2 + 1156661*s + 646. Give q(323).
0
Let m(y) = -103*y**3 + 14*y**2 + 37*y - 115. Give m(2).
-809
Let j(a) = -4*a**2 + 111*a - 568. Give j(9).
107
Let b(u) = -179*u**3 + 5907*u**2 - 5*u + 306. What is b(33)?
141
Let f(k) = 3513*k + 49044. What is f(-14)?
-138
Let d(h) = h**3 + 93*h**2 + 2113*h - 289. Give d(-40).
-9
Let u(i) = 10*i**2 + 1289*i - 703. Calculate u(-129).
-574
Let r(y) = -2*y**3 + 42*y**2 - 136*y 